s 2924 divide 9520544?
True
Is 27 a factor of 15984?
True
Is 17052013 a multiple of 296?
False
Is 15 a factor of 4705548?
False
Does 11 divide 19248285?
False
Is 33288 a multiple of 8?
True
Is 3 a factor of 29648?
False
Is 1597940 a multiple of 109?
True
Is 317246 a multiple of 254?
True
Does 7 divide 38248?
True
Is 336 a factor of 926483?
False
Is 23 a factor of 441517?
False
Is 10248 a multiple of 61?
True
Does 5 divide 657799?
False
Is 150 a factor of 598950?
True
Does 86 divide 1222998?
False
Does 15 divide 7963650?
True
Is 34 a factor of 2628982?
True
Does 12 divide 1178663?
False
Is 1677969 a multiple of 261?
True
Is 21 a factor of 5798882?
False
Is 96 a factor of 333317?
False
Is 10440 a multiple of 12?
True
Is 427722 a multiple of 260?
False
Is 33 a factor of 1645349?
False
Is 205 a factor of 606006?
False
Is 212926 a multiple of 7?
True
Is 8275512 a multiple of 14?
True
Is 5652504 a multiple of 143?
True
Is 29 a factor of 2318888?
False
Is 76229 a multiple of 125?
False
Does 230 divide 853300?
True
Is 983 a factor of 7423718?
False
Is 676 a factor of 1840619?
False
Is 2392367 a multiple of 27?
False
Is 8 a factor of 170096?
True
Is 11 a factor of 1734622?
False
Is 7305004 a multiple of 1209?
False
Does 1335 divide 1165455?
True
Does 70 divide 45920?
True
Is 5107129 a multiple of 26?
False
Does 141 divide 5912976?
True
Is 6895160 a multiple of 807?
False
Is 1956837 a multiple of 14?
False
Is 8844437 a multiple of 16?
False
Is 139550 a multiple of 50?
True
Does 29 divide 13220520?
True
Is 7 a factor of 94115?
True
Is 125 a factor of 4854250?
True
Is 100 a factor of 221125?
False
Is 7 a factor of 375377?
False
Is 146 a factor of 220572?
False
Does 96 divide 4920123?
False
Is 2498110 a multiple of 378?
False
Is 684216 a multiple of 17?
True
Is 336 a factor of 5153543?
False
Does 45 divide 181757?
False
Is 23 a factor of 2713908?
True
Is 795285 a multiple of 215?
True
Is 148867 a multiple of 4?
False
Does 262 divide 145190?
False
Does 295 divide 900045?
True
Does 12 divide 23316?
True
Is 1677972 a multiple of 796?
False
Is 1310707 even?
False
Is 218 a factor of 11390282?
True
Is 620625 a multiple of 57?
False
Is 23 a factor of 117786?
False
Is 313 a factor of 1297508?
False
Does 7 divide 4966483?
False
Is 86 a factor of 225081?
False
Is 16 a factor of 13164340?
False
Does 350 divide 37092?
False
Is 3670345 a multiple of 35?
True
Is 218 a factor of 16769432?
True
Is 975820 a multiple of 20?
True
Is 152 a factor of 328115?
False
Is 194 a factor of 819456?
True
Is 335296 a multiple of 31?
True
Does 22 divide 213246?
True
Does 29 divide 72894?
False
Is 2917790 a multiple of 42?
False
Is 2204195 a multiple of 16?
False
Does 26 divide 2079778?
False
Is 58 a factor of 2800341?
False
Is 4260064 a multiple of 656?
True
Is 4 a factor of 2443?
False
Is 1929959 a multiple of 297?
False
Is 59814 a multiple of 83?
False
Is 35 a factor of 162575?
True
Is 23 a factor of 4686236?
False
Is 55 a factor of 4219930?
True
Does 22 divide 629475?
False
Does 183 divide 25541?
False
Does 47 divide 103924?
False
Is 6 a factor of 709092?
True
Is 255 a factor of 215137?
False
Does 75 divide 1679850?
True
Is 1449 a factor of 2358972?
True
Does 19 divide 5375260?
False
Is 448 a factor of 810418?
False
Is 4052907 a multiple of 123?
False
Does 29 divide 279792?
True
Is 33 a factor of 473407?
False
Is 39743 a multiple of 60?
False
Is 157 a factor of 916300?
False
Does 61 divide 39615?
False
Does 543 divide 295392?
True
Is 70095 a multiple of 39?
False
Does 716 divide 327212?
True
Does 64 divide 1222551?
False
Is 1094690 a multiple of 475?
False
Is 883199 a multiple of 66?
False
Is 92365 a multiple of 10?
False
Does 35 divide 5297565?
True
Is 147613 a multiple of 22?
False
Is 129974 a multiple of 2?
True
Is 19 a factor of 2637523?
True
Is 1085257 a multiple of 41?
False
Is 11570 a multiple of 13?
True
Is 2995044 a multiple of 1052?
True
Is 122 a factor of 1797548?
True
Is 589 a factor of 3203835?
False
Is 65702 a multiple of 38?
True
Does 186 divide 156594?
False
Is 119 a factor of 65538?
False
Does 167 divide 316298?
True
Is 20 a factor of 205480?
True
Is 3 a factor of 1230729?
True
Is 261785 a multiple of 200?
False
Is 13 a factor of 30086?
False
Does 73 divide 14667671?
True
Is 27972819 a multiple of 279?
True
Does 38 divide 11638181?
False
Is 61674 a multiple of 57?
True
Is 98 a factor of 2451176?
True
Is 55 a factor of 221100?
True
Does 27 divide 2362959?
True
Is 296 a factor of 1061387?
False
Does 128 divide 1483392?
True
Is 13145 a multiple of 4?
False
Is 106397 a multiple of 82?
False
Is 10 a factor of 3923253?
False
Is 1136 a factor of 2382192?
True
Does 45 divide 22178?
False
Is 203 a factor of 454720?
True
Is 2841217 a multiple of 735?
False
Is 25 a factor of 946745?
False
Does 2 divide 31746?
True
Does 142 divide 60350?
True
Is 42 a factor of 2413698?
True
Is 64 a factor of 199808?
True
Is 239242 a multiple of 122?
True
Does 8 divide 285146?
False
Is 15 a factor of 689091?
False
Does 2410 divide 36977026?
False
Is 1250 a factor of 15929063?
False
Is 762824 a multiple of 568?
True
Does 67 divide 127024?
False
Does 357 divide 2082738?
True
Is 41 a factor of 45100?
True
Does 150 divide 960000?
True
Is 2 a factor of 116382?
True
Does 153 divide 3219079?
False
Is 9 a factor of 3191227?
False
Is 8219373 a multiple of 954?
False
Is 1313718 a multiple of 1057?
False
Is 6 a factor of 3958?
False
Is 229069 a multiple of 10?
False
Does 599 divide 2847657?
False
Is 497 a factor of 3251154?
False
Is 2599 a multiple of 3?
False
Is 23046832 a multiple of 753?
False
Is 2876946 a multiple of 14?
False
Does 82 divide 6781699?
False
Is 17 a factor of 164663?
False
Is 34 a factor of 20083?
False
Does 1034 divide 7723980?
True
Is 401109 a multiple of 589?
True
Is 844265 a multiple of 6?
False
Does 18 divide 9502?
False
Is 38 a factor of 480890?
True
Does 65 divide 20215?
True
Is 252575 a multiple of 766?
False
Is 13 a factor of 305675?
False
Is 329745 a multiple of 445?
True
Does 60 divide 176100?
True
Is 22 a factor of 5456815?
False
Is 2213814 a multiple of 52?
False
Is 277414 a multiple of 101?
False
Does 32 divide 6021120?
True
Is 354175 a multiple of 48?
False
Does 5 divide 95194?
False
Does 9 divide 4151237?
False
Is 4231176 a multiple of 11?
False
Is 2339392 a multiple of 22?
True
Is 10 a factor of 1272630?
True
Does 5 divide 267220?
True
Does 18 divide 27780?
False
Is 323092 a multiple of 77?
True
Is 1584186 a multiple of 598?
False
Does 30 divide 76020?
True
Does 12 divide 1980636?
True
Does 14 divide 592267?
False
Is 2970612 a multiple of 86?
True
Does 12 divide 2304?
True
Is 2240856 a multiple of 72?
True
Does 20 divide 174060?
True
Is 188 a factor of 3240180?
True
Does 115 divide 6391333?
False
Does 14 divide 857864?
True
Does 9 divide 8962110?
True
Is 197375 a multiple of 428?
False
Is 19 a factor of 131363?
False
Does 17 divide 1608500?
False
Does 747 divide 10945044?
True
Is 3270448 a multiple of 752?
True
Is 650184 a multiple of 3?
True
Does 137 divide 876103?
False
Does 442 divide 13463864?
False
Does 33 divide 2705807?
False
Does 57 divide 23313?
True
Is 58 a factor of 10861065?
False
Is 12 a factor of 332213?
False
Does 3 divide 56678?
False
Is 145 a factor of 5988540?
False
Is 352725 a multiple of 25?
True
Is 45 a factor of 1222650?
True
Does 109 divide 1455855?
False
Is 13 a factor of 16174717?
True
Is 468395 a multiple of 5?
True
Is 1002064 a multiple of 92?
True
Is 5474508 a multiple of 57?
True
Is 29 a factor of 659170?
True
Does 8 divide 1137807?
False
Does 24 divide 356784?
True
Is 587 a factor of 1194545?
True
Is 35 a factor of 4972870?
True
Does 4 divide 9293?
False
Is 5373984 a multiple of 528?
True
Is 3388612 a multiple of 68?
False
Is 143182 a multiple of 10?
False
Does 247 divide 1187900?
False
Does 173 divide 912402?
True
Is 174 a factor of 46645?
False
Does 60 divide 236669?
False
Does 121 divide 44165?
True
Does 22 divide 481580?
True
Is 1465804 a multiple of 124?
True
Is 90 a factor of 260010?
True
Is 66518 a multiple of 57?
False
Is 239 a factor of 300662?
True
Is 497243 a multiple of 340?
False
Does 14 divide 143088?
False
Is 12 a factor of 1464?
True
Does 1292 divide 9390256?
True
Is 1293400 a multiple of 892?
True
Is 76864 a multiple of 1